0236011 a prime number?
True
Is 2300062213 prime?
True
Is 92172400171 composite?
False
Is 34093524461 composite?
True
Is 46049339473 a composite number?
True
Is 1069201823 a prime number?
False
Is 219115051 a composite number?
False
Is 5161317155 a prime number?
False
Is 101088465097 a prime number?
True
Is 1253791967 a prime number?
False
Is 2604466679 prime?
False
Is 1351768703 composite?
True
Is 392845499 a composite number?
False
Is 342006737 composite?
True
Is 4475413171 composite?
True
Is 8091915917 composite?
True
Is 25164607543 prime?
True
Is 31164361 prime?
True
Is 822003709 a prime number?
False
Is 182533035599 a prime number?
True
Is 473613109 a prime number?
True
Is 1439515559 a prime number?
False
Is 1017799709 a prime number?
True
Is 6741500879 prime?
True
Is 328403029 a composite number?
True
Is 609142613 a composite number?
True
Is 1222974547 prime?
True
Is 19226114009 a prime number?
True
Is 6518337857 prime?
True
Is 40050309269 prime?
True
Is 125205881 a prime number?
True
Is 70499157 a composite number?
True
Is 5541223427 a prime number?
False
Is 79175263714 composite?
True
Is 228357223 prime?
False
Is 3860214079 prime?
True
Is 92969726683 composite?
False
Is 8416705733 a composite number?
False
Is 2963619491 a prime number?
False
Is 40119841 prime?
True
Is 58085731 composite?
True
Is 97279607 prime?
True
Is 48138964495 composite?
True
Is 115880707 prime?
False
Is 141771427519 a composite number?
False
Is 2427077591 a prime number?
False
Is 1379101813 a composite number?
True
Is 3520399301 a prime number?
False
Is 75063889309 a prime number?
False
Is 31719697483 prime?
False
Is 711764329 a composite number?
False
Is 2681066023 prime?
False
Is 24004369171 prime?
False
Is 80624233 a prime number?
True
Is 160014536969 composite?
True
Is 906750869 prime?
False
Is 5571922269 a composite number?
True
Is 982898909 a prime number?
True
Is 56398518901 prime?
True
Is 7983825239 a composite number?
True
Is 1054432339 a prime number?
True
Is 21430108901 a composite number?
True
Is 57621596731 a prime number?
False
Is 675212591 a composite number?
True
Is 45119011507 prime?
False
Is 2444237449 a composite number?
True
Is 6249812611 a composite number?
True
Is 74489180551 prime?
False
Is 2735657891 composite?
False
Is 13385795273 a prime number?
False
Is 986336551 a prime number?
True
Is 5439748387 a composite number?
True
Is 7414350991 a composite number?
False
Is 4575110447 a composite number?
True
Is 991501391 composite?
True
Is 93440879591 composite?
False
Is 152109691 a composite number?
True
Is 320944171 prime?
False
Is 93028291 composite?
True
Is 434124253 prime?
False
Is 4643704957 a composite number?
True
Is 616334039 a prime number?
True
Is 1907553667 composite?
False
Is 3563691121 prime?
False
Is 260302105543 a prime number?
True
Is 683068879 composite?
False
Is 176971148447 a composite number?
False
Is 7928292511 prime?
True
Is 1891612561 prime?
False
Is 15168278311 prime?
False
Is 169595599 a composite number?
True
Is 4982650543 composite?
True
Is 3370130081 composite?
False
Is 40942201 a composite number?
False
Is 12095424443 composite?
False
Is 1546017113 a composite number?
False
Is 10281610301 prime?
True
Is 39297109 a prime number?
True
Is 12817172573 a prime number?
True
Is 598355249 composite?
False
Is 2507698589 composite?
True
Is 53672633 a composite number?
True
Is 14279730683 a composite number?
False
Is 4819421 prime?
False
Is 36412427771 a composite number?
False
Is 77749636997 a composite number?
False
Is 31034575721 a composite number?
False
Is 71553690371 a prime number?
False
Is 5297608429 a composite number?
True
Is 371215693 a prime number?
False
Is 24434330273 a prime number?
True
Is 8541813367 prime?
True
Is 24132455 a composite number?
True
Is 352330703 a composite number?
False
Is 5275728713 a prime number?
True
Is 135580761643 prime?
True
Is 4846973323 composite?
True
Is 4170582461 composite?
False
Is 201542949241 prime?
False
Is 541594743 prime?
False
Is 87994486942 a composite number?
True
Is 1300487687 composite?
True
Is 186905653 a composite number?
True
Is 1508389969 prime?
False
Is 140267238323 a prime number?
False
Is 711962153 a composite number?
True
Is 3128527309 composite?
False
Is 3362931197 a composite number?
False
Is 13745257417 composite?
False
Is 83593381 a composite number?
False
Is 435560207 prime?
True
Is 33678424909 composite?
False
Is 2389214521 a composite number?
True
Is 22363860353 composite?
False
Is 2231684171 composite?
False
Is 1155810419 a composite number?
False
Is 15269100331 prime?
True
Is 173265121 composite?
True
Is 4487577407 prime?
False
Is 2378885755 composite?
True
Is 4305106147 a prime number?
True
Is 10771945573 composite?
False
Is 249541139 prime?
True
Is 239824069 prime?
False
Is 539173969 a composite number?
True
Is 591526367 prime?
True
Is 1647951299 composite?
False
Is 25279729429 prime?
False
Is 54717452297 prime?
False
Is 149348209 a composite number?
False
Is 3242138429 composite?
False
Is 710032447 composite?
True
Is 4712360759 a composite number?
True
Is 44987399 a prime number?
True
Is 18167761613 composite?
False
Is 3992147119 composite?
False
Is 176224622293 prime?
True
Is 152218406579 a composite number?
False
Is 22818780899 a prime number?
True
Is 283127789 prime?
False
Is 929599397 a composite number?
False
Is 3343187039 composite?
False
Is 113257156171 a prime number?
True
Is 1206707647 prime?
True
Is 265754001 prime?
False
Is 3672865763 composite?
True
Is 62310299803 prime?
False
Is 54384309983 prime?
True
Is 8702348701 composite?
True
Is 1393355597 a prime number?
True
Is 122545922 prime?
False
Is 1981015871 a composite number?
False
Is 13627934857 a composite number?
False
Is 34779156739 a prime number?
True
Is 5009249639 composite?
False
Is 43931519077 a prime number?
True
Is 2978750843 a prime number?
False
Is 1337884253 a composite number?
True
Is 85503232777 a prime number?
True
Is 16663628809 prime?
False
Is 54573356041 composite?
True
Is 3072137647 prime?
True
Is 13539251153 prime?
True
Is 433181761 a prime number?
False
Is 4283905739 prime?
True
Is 29958129569 a composite number?
False
Is 794745382 a composite number?
True
Is 2619964961 prime?
False
Is 4436644129 composite?
False
Is 1220871251 a prime number?
False
Is 29499355603 a prime number?
True
Is 1141463461 prime?
False
Is 16384691 a composite number?
False
Is 2922634829 prime?
True
Is 3636330997 prime?
False
Is 1130017937 composite?
True
Is 38542211459 a prime number?
True
Is 30933960737 a prime number?
True
Is 22538152123 composite?
True
Is 104633489 a composite number?
False
Is 7144383133 a prime number?
False
Is 12902572073 prime?
True
Is 4214937703 a prime number?
False
Is 6597037163 composite?
False
Is 644498759 composite?
False
Is 17970250723 a prime number?
False
Is 32071247303 prime?
False
Is 2405959013 prime?
True
Is 15988299463 a prime number?
False
Is 3485460463 a composite number?
True
Is 8745911227 a composite number?
False
Is 32649431 a composite number?
True
Is 118726206715 composite?
True
Is 3146953301 prime?
False
Is 5912503447 composite?
True
Is 2218744351 composite?
True
Is 1101037823 composite?
True
Is 1266981757 a prime number?
False
Is 6821896307 prime?
True
Is 15545894543 prime?
True
Is 2751331381 prime?
True
Is 1113563519 a prime number?
False
Is 12516046199 a composite number?
False
Is 261176473 a prime number?
True
Is 1938793837 composite?
False
Is 6295984117 a prime number?
True
Is 1860863731 composite?
False
Is 79193332105 composite?
True
Is 548346923 composite?
True
Is 17676973777 a prime number?
True
Is 27196527791 a composite number?
False
Is 1199729714 a composite number?
True
Is 21066142693 a composite number?
False
Is 4362957247 a prime number?
False
Is 5880213611 prime?
True
Is 15893026669 composite?
True
Is 2364988657 prime?
False
Is 6859786963 composite?
False
Is 2556233831 composite?
True
Is 1796903947 a composite number?
False
Is 6332000161 a prime number?
False
Is 13299955363 prime?
True
Is 34602614471 a composite number?
True
Is 1085195347 composite?
True
Is 940603843 composite?
False
Is 1375493267 composite?
True
Is 16627693519 a prime number?
True
Is 13000166807 prime?
False
Is 1108686023 composite?
False
Is 1216777139 a composite